 -2*i + 4*q + 10 = -7*i, 0 = 3*i + 3*q + 6. Is 12 a factor of ((-135)/20 - -6)/(i/288)?
True
Is 2/(-14) + ((-132964)/91)/(-1) a multiple of 44?
False
Let h(c) = -c**2 + 9*c - 8. Let s be h(8). Let f(x) = -x**2 + 2. Let d be f(s). Suppose 33 = d*p - y - 5, 4*p - y = 76. Does 4 divide p?
False
Suppose -j = 2*g - 4772, 5*j - 4 = 4*j. Is g a multiple of 157?
False
Let a be (0 + 1)*3933/(-23). Let h = -101 - a. Is 19 a factor of h?
False
Let r(y) be the second derivative of y**4/8 + 7*y**3/6 - y**2 + 6*y. Let g(f) be the first derivative of r(f). Is 8 a factor of g(6)?
False
Is 820/2 + 168/(-21) even?
True
Suppose 2*o - 6*o + 3*m = -3712, o - 5*m - 928 = 0. Is 59 a factor of o?
False
Let p(r) = -r**3 - 8*r**2 + 3*r + 6. Let u be p(-8). Let q = 18 + u. Suppose -5*s = -q*s - 120. Does 8 divide s?
True
Let g = 103 + -103. Is (-30)/60*(g + -80) a multiple of 10?
True
Suppose 4*a - f - 872 = 0, -a + 3*f = -94 - 124. Does 4 divide a?
False
Let b be (-1 + 8/6)*(-72)/(-12). Is 32 a factor of 2 + 129 + b + -5?
True
Let g be (-7)/(-2) + 12/24. Suppose -4*c + g = 2*u, -5*u = -0*u - c - 21. Suppose 8 = u*a - 2*a. Is a a multiple of 2?
True
Suppose -y + 3*y = 4. Suppose 9*g - 5*g - 40 = 0. Suppose 0 = -y*b + g + 92. Is b a multiple of 9?
False
Suppose -138*w = -112*w - 129064. Is 34 a factor of w?
True
Suppose 2798 = 9*c - 847. Suppose r + 89 = 2*r - s, 5*r + 5*s - c = 0. Does 17 divide r?
True
Let k(o) = 5*o**2 - 6*o + 4. Let y be k(6). Suppose -5*v + 4*a = 296, 0 = 4*v - v + 5*a + y. Let c = v - -95. Is c a multiple of 11?
False
Let m be (-5)/2*6/(-5). Suppose -p - z + 78 = -17, -4*p + m*z + 345 = 0. Does 10 divide p?
True
Let f be (-1 - 3380/(-16)) + 4/(-16). Suppose -50*n - f = -53*n. Does 10 divide n?
True
Let b(u) be the third derivative of -u**6/120 + 2*u**5/15 - u**4/12 - 7*u**3/6 - 6*u**2. Let p be b(3). Suppose -p - 61 = -s. Is s a multiple of 31?
True
Suppose 0 = 5*k + 3*h - 4636 - 909, 20 = 4*h. Is k a multiple of 23?
False
Let s(r) = -r**3 - 8*r**2 - 2*r - 27. Does 18 divide s(-10)?
False
Is 788 - -4 - -5*(-1 - 0) a multiple of 14?
False
Let h = 93 - 24. Suppose -h - 35 = -2*s. Suppose -v + s = j + 4*v, 0 = -4*v + 4. Is j a multiple of 15?
False
Let b = 28 + 46. Suppose 4*w + 3*x = 342, -3*w = -2*w - 5*x - b. Is w a multiple of 21?
True
Let d(l) = -l**2 - 11*l + 12. Let h(z) = 3*z**3 + 1. Let p be h(1). Suppose k + p + 6 = 0. Is 22 a factor of d(k)?
True
Let j = -671 - -956. Suppose q = 4*h - j, -4*h = -5*q + 167 - 472. Is h a multiple of 15?
False
Suppose 283*r - 279*r - 20 = 0. Suppose -3*h = -5*g + 813, -r*g + 3*h = 5*h - 808. Does 21 divide g?
False
Let c(k) be the second derivative of 0 + 6*k - 2/3*k**3 + 1/2*k**2. Does 4 divide c(-2)?
False
Suppose -4*b + 440 = 5*j, 2*j - 87 - 92 = -b. Is j a multiple of 28?
False
Let w(c) = -5*c**2 - 30*c - 29. Let u(y) = 3*y**2 + 15*y + 15. Let q(s) = 7*u(s) + 4*w(s). Suppose -4*v = -v - 48. Is q(v) a multiple of 2?
False
Let l(v) = 3*v**3 - 14*v**2 + 16*v + 78. Is 3 a factor of l(9)?
True
Suppose 4*m + 10068 = 4*w, 3*w = -m + 5321 + 2234. Is w a multiple of 115?
False
Let k(v) = v**3 - 5*v**2 + 9*v - 4. Let q be k(5). Is 9 a factor of 2/((-6)/q)*-3?
False
Suppose 7 = -k + 4*p, -2*p + 11 = 3*k - 2*k. Suppose 4*c - 10 = o, o - k = -0*c - c. Let n = 28 - c. Does 19 divide n?
False
Let l(s) = 14*s**3 + s**2 + 5*s - 7. Suppose 4*a - 5*a = -4*b + 8, -3*a - 10 = -5*b. Is 7 a factor of l(b)?
True
Suppose 3*y + h = 252, 2*h = 3*y - 4*y + 84. Let m = -57 + y. Does 3 divide m?
True
Suppose 4*k - 95 - 325 = 0. Suppose d - 40 = r, -4*d + 2*r + k = -51. Does 19 divide d?
True
Suppose s - 2066 = -2*a, -19*s = a - 21*s - 1033. Does 9 divide a?
False
Let f(c) = 4*c**2 + 7*c + 11. Let j = -18 + 18. Suppose -5*q + 3*q - 3*g + 5 = 0, j = 5*q + 5*g. Is f(q) a multiple of 19?
True
Suppose -2*c - 46 = -2*a, -2*a + 3 + 71 = 5*c. Let z(r) = -r**3 + r**2 - 2*r - 12. Let h be z(0). Let k = h + a. Is 5 a factor of k?
True
Let m = 1449 + -244. Is 5 a factor of m?
True
Let s(t) = 5*t**2 - 5. Let w be s(4). Suppose 2*l - 3*r - 172 = 0, -r = 5*l - 321 - w. Does 8 divide l?
True
Let s = 97 + -103. Does 43 divide (-21)/s*(-516)/(-21)?
True
Let l = 5 - -12. Suppose -136 = l*b - 19*b. Is 17 a factor of b?
True
Let n = -35 - -17. Is 37 a factor of 1334/9 + 4/n?
True
Suppose -3*k - 176 = -o + 136, -k = -3*o + 936. Is o a multiple of 52?
True
Let m = 82 - 130. Let f = m + 58. Is f a multiple of 2?
True
Let s(k) = 209*k - 6. Let f be s(2). Let h = f + -217. Does 10 divide ((-3)/9)/((-5)/h)?
False
Let n be (-2)/4*(3 + 1 + -4). Suppose -3*j - 4*d + 181 = n, -2*j - 4*d = 2*j - 236. Does 11 divide j?
True
Let r = 34 + -23. Let o be (r - 2)*22/3. Suppose -o + 226 = 5*b. Is b a multiple of 8?
True
Let u = -18 + 12. Let r = u - -21. Let y = r + 5. Does 6 divide y?
False
Let k(b) = -b**2 + b. Let j be k(0). Suppose j*f = 3*f - 24. Let r = 13 - f. Is r a multiple of 2?
False
Suppose -2*l = -0*l - 10. Suppose -3*j - i = 4*i + l, 0 = 3*j - 2*i - 23. Suppose j*a = -4*f + 186, 3*a + f - 109 = -4*f. Does 6 divide a?
False
Suppose 5*w = -2*w + 840. Is w a multiple of 8?
True
Let q(x) = -x**2 - 12*x - 19. Let g be q(-10). Let r = 6 + g. Does 3 divide r?
False
Let m be 12/(-9)*12/(-8). Let i(z) = z**3 - z - 6 - 4*z**m + 3*z + 1. Is i(5) a multiple of 10?
True
Suppose -2*z + 250 = 3*d, -d = 4*z + 6 - 76. Does 3 divide d?
False
Suppose -2*o + 16 = 8. Let d be -2 + (274 - (-1)/(-1)). Suppose -o*a = 4*p - 93 - d, -p - 5*a = -87. Does 26 divide p?
False
Let a(s) be the second derivative of 2*s**3/3 - 5*s**2/2 + 12*s. Suppose 15 = -3*v, -12 = c + 3*v - 2. Is a(c) a multiple of 5?
True
Suppose -317 = 4*t - 13. Let m = t + 95. Does 11 divide m?
False
Let m(v) = -15*v + 3. Suppose -3*w + 76 = -2*o, 2*w + 2*o = -2*w + 92. Suppose -w*r = -19*r + 30. Does 31 divide m(r)?
True
Let b(i) = -i. Suppose 2*z + f - 1 = 0, f + 3*f = 4*z - 20. Let t be b(z). Does 19 divide (-1360)/(-36) - t/9?
True
Suppose 0 = -a + 4*x + 1030, 4*a - 4134 = -3*x + 5*x. Is a a multiple of 22?
True
Suppose 4*b + 4 = 16. Is 15 a factor of -4 - (-8 + b + -119)?
True
Let y(r) = r**3 + 6*r**2 - 7*r + 3. Let f be y(-7). Suppose f + 1 = t. Suppose o - 53 = -b, b = t*o - 9 + 72. Is 11 a factor of b?
True
Suppose -28 = 3*a - a. Let m = -12 - a. Suppose 0 = m*z - 10 - 62. Does 9 divide z?
True
Suppose -5*i + 3*z = -16, i = -0*z + 3*z + 8. Let b be 3 + -6*1/i. Suppose -3*q + 87 + 174 = b. Does 39 divide q?
False
Let s be 4/20 - (-9)/5. Suppose 2*k - 2*m - 220 = 0, -3*m + 2*m = s*k - 205. Suppose -k = -9*u + 4*u. Is 7 a factor of u?
True
Let s(b) = -99*b - 72. Is s(-8) a multiple of 36?
True
Let n be -24 - (1 + -2 + 0). Let p = n - 1. Let t = -15 - p. Does 3 divide t?
True
Let o = 128 - -364. Is 5 a factor of 1/(o/(-124) + 4)?
False
Is 30 a factor of 10085/11 - (-102)/561?
False
Suppose 11221 = -19*d + 28701. Does 10 divide d?
True
Let x(s) = 2*s**2 - 11*s + 1868. Does 26 divide x(0)?
False
Let d = 27 - 25. Let g be 2 - d/((-6)/9). Suppose -r - 5*p + 250 = 3*r, 327 = g*r - p. Is r a multiple of 19?
False
Let h be 3 - 2/(2/(-105)). Let f = h + -28. Is f a multiple of 13?
False
Let z = 31 + -26. Let v = z + 3. Is v a multiple of 4?
True
Let q(d) = 94*d + 3. Let y be q(2). Suppose -151 = -3*x - x - 3*u, -3*u = 5*x - y. Is x a multiple of 8?
True
Let g(j) = -j**2 - 2*j + 1. Let i be g(0). Does 14 divide 56 + i/(1/(-2)) - 3?
False
Let d(l) = l**3 + 8*l**2 + 8*l + 5. Let j be d(-6). Let o = -84 + j. Let y = 82 + o. Does 6 divide y?
False
Let v = 11 - 9. Suppose 45 = -4*u + 3*a - 7, -3*u + v*a = 38. Let o = u - -18. Is o a multiple of 7?
False
Suppose -2*t - 13 = 3*g + 2*g, -3*t - 3 = 2*g. Is 1/g - 605/(-15) a multiple of 38?
False
Let m = -3 + 6. Let a be (-2)/(-16) - 161/(-56). Suppose 0 = a*h - 6, 0*h - 2*h = m*z - 157. Does 24 divide z?
False
Let h = -26 + 7. Let o = 24 + h. Suppose 6 = o*t - 149. Is t a multiple of 31?
True
Let v = -16 - -17. Let s(k) = 71*k**3 - k + 2. Is 36 a factor of s(v)?
True
Let s(n) = 5*n - 18. Let b(v) = -3*v + 1 + 0 + 1. Let u be b(-2). Does 11 divide s(u)?
True
Suppose 25*u - 16252 = -1677. Is u a multiple of 53?
True
Suppose -5*s + 28 = -3*s. Let f(q) = q**3 - 14*q**2 + q - 17. Let k be f(s). Is 11 a factor of ((-14)/k)/(10/75)?
False
Suppose -5*w + 3*r + 4338 = -5027, 0 = 2*w - 3*